
Is 2213586191 prime?
True
Is 893619411 composite?
True
Is 12069136979 a prime number?
True
Is 126057199 a prime number?
False
Is 87923 a composite number?
True
Is 121936627 a composite number?
False
Is 481221659 a prime number?
True
Is 942969011 a prime number?
True
Is 7047066521 a prime number?
False
Is 104384154977 a composite number?
False
Is 9356103401 composite?
False
Is 2288512357 a prime number?
True
Is 938037361 composite?
False
Is 59080145141 a composite number?
False
Is 12486632842 prime?
False
Is 5783347201 a composite number?
False
Is 45266774149 a prime number?
False
Is 11511490793 prime?
False
Is 53172998167 a prime number?
True
Is 5458090517 composite?
True
Is 1013261 prime?
False
Is 1955830367 prime?
True
Is 538451579 a composite number?
False
Is 6698045831 a prime number?
False
Is 3749214151 a composite number?
False
Is 1647505807 a composite number?
True
Is 70740507 prime?
False
Is 3150453623 composite?
True
Is 55965929 composite?
True
Is 16047461761 a composite number?
True
Is 5143183393 composite?
False
Is 903235303 a prime number?
False
Is 4728148949 composite?
False
Is 98374261 prime?
True
Is 17931333193 composite?
True
Is 120500800807 a prime number?
False
Is 1426859449 a prime number?
False
Is 2082852953 prime?
True
Is 3184666313 prime?
False
Is 46637312611 a composite number?
False
Is 19462839169 prime?
True
Is 36968882887 a composite number?
True
Is 845871337 composite?
False
Is 38769699929 a composite number?
False
Is 1293816491 composite?
True
Is 449420317 prime?
True
Is 195106805711 a composite number?
False
Is 2836651193 a composite number?
False
Is 7791548619 composite?
True
Is 3544493 prime?
False
Is 4882072033 a prime number?
True
Is 434060383 a composite number?
False
Is 10754459 prime?
False
Is 21834285497 a prime number?
False
Is 1675526509 prime?
True
Is 2472371579 prime?
False
Is 7315596833 composite?
False
Is 674597137 a prime number?
True
Is 10902587 a composite number?
False
Is 178787462143 prime?
True
Is 3237531101 composite?
True
Is 22045002527 prime?
False
Is 6268847983 a prime number?
True
Is 15063356369 a composite number?
False
Is 3232593341 a prime number?
False
Is 221061680011 composite?
False
Is 455157551 a prime number?
True
Is 1163478271 a composite number?
True
Is 4208190587 a composite number?
False
Is 55605956017 composite?
False
Is 6179529463 prime?
False
Is 1083539981 prime?
False
Is 42108756227 a prime number?
True
Is 2899527581 a composite number?
False
Is 35210950457 a composite number?
True
Is 1820090221 a prime number?
True
Is 2985710599 a prime number?
True
Is 1617687899 a composite number?
False
Is 613450039 a composite number?
True
Is 155131704377 a composite number?
True
Is 183612419 composite?
False
Is 87797019691 a composite number?
True
Is 23924190311 prime?
False
Is 8125542965 a prime number?
False
Is 50488631 a prime number?
True
Is 58315813 composite?
True
Is 75654793531 prime?
True
Is 14338672853 prime?
True
Is 538925561 a prime number?
False
Is 14449106627 prime?
True
Is 27431285197 a prime number?
True
Is 2843196887 a composite number?
False
Is 42488683459 composite?
True
Is 30535975901 prime?
True
Is 7034953501 a prime number?
True
Is 80752747393 composite?
True
Is 12276639617 a composite number?
True
Is 57818225393 composite?
False
Is 2165523793 prime?
True
Is 3664736419 a prime number?
False
Is 149326161683 a prime number?
True
Is 5291987417 composite?
False
Is 715873937 a prime number?
False
Is 16984127029 a prime number?
True
Is 71604462497 composite?
True
Is 1213670891 a prime number?
True
Is 160755041 a composite number?
True
Is 3222313751 a composite number?
False
Is 44258905063 composite?
True
Is 2301939223 a composite number?
False
Is 83403606233 a composite number?
False
Is 9942807239 a prime number?
True
Is 80510322982 composite?
True
Is 1717821323 composite?
False
Is 67327337117 composite?
False
Is 168623711 a composite number?
True
Is 1658968723 a prime number?
True
Is 5524571947 a prime number?
False
Is 20307517207 composite?
False
Is 9665522861 a composite number?
False
Is 1324528487 a composite number?
True
Is 32328953171 prime?
False
Is 11697097683 prime?
False
Is 137401268671 prime?
True
Is 205894499 a composite number?
True
Is 27076109191 composite?
False
Is 24625025027 composite?
False
Is 136644601 composite?
False
Is 893688403 prime?
True
Is 19478698357 prime?
True
Is 115160799341 prime?
False
Is 17329210169 a composite number?
False
Is 19452580711 a composite number?
False
Is 1097434199 composite?
True
Is 13441028855 a prime number?
False
Is 26089309229 a prime number?
True
Is 1193511191 prime?
False
Is 27389820019 composite?
False
Is 4075553099 composite?
True
Is 1110962161 a composite number?
True
Is 141422057978 prime?
False
Is 1480116881 a prime number?
True
Is 18845624429 a composite number?
False
Is 278664227 a prime number?
False
Is 350722237 a composite number?
False
Is 3032621539 composite?
True
Is 7758139127 a composite number?
True
Is 4671355919 prime?
True
Is 37138949 prime?
True
Is 49499241529 composite?
False
Is 2017904569 prime?
True
Is 633737201 composite?
False
Is 578477953 a prime number?
True
Is 64638665101 prime?
False
Is 6868404437 prime?
False
Is 4285213643 a composite number?
True
Is 54979136039 a composite number?
False
Is 2420333987 a prime number?
False
Is 597842561 composite?
True
Is 36030770081 prime?
True
Is 18590635027 composite?
False
Is 111006120229 composite?
False
Is 2865617005 a composite number?
True
Is 433835881 composite?
True
Is 36949890431 a prime number?
True
Is 107443287517 composite?
True
Is 223495463 a composite number?
False
Is 2565862345 a composite number?
True
Is 497570077 a composite number?
False
Is 194858171 a composite number?
True
Is 33777926513 composite?
True
Is 2239201 a prime number?
True
Is 19852926979 a composite number?
False
Is 45627611231 composite?
True
Is 3667793861 a prime number?
False
Is 703658647 prime?
True
Is 479337995 composite?
True
Is 16445049073 a prime number?
True
Is 42804271 a composite number?
True
Is 42834121357 a composite number?
True
Is 1120071073 a composite number?
True
Is 106034542577 prime?
True
Is 1477521317 composite?
True
Is 2152467869 composite?
True
Is 715415801 composite?
True
Is 25065410549 a composite number?
False
Is 759177973 a composite number?
False
Is 930278863 a composite number?
False
Is 16179121589 a composite number?
True
Is 59077214869 prime?
False
Is 20658402571 a composite number?
False
Is 2485038727 prime?
False
Is 1928074063 composite?
False
Is 63575906039 prime?
True
Is 37460991 a composite number?
True
Is 4382332469 prime?
False
Is 67305180503 a prime number?
False
Is 112163437 composite?
True
Is 257857919743 a composite number?
False
Is 7658909989 composite?
True
Is 365136377 a composite number?
False
Is 2150620541 prime?
False
Is 812960713 prime?
True
Is 158731991651 a composite number?
False
Is 1002755447 a composite number?
True
Is 18480603541 a composite number?
True
Is 49151717369 composite?
False
Is 50801170009 composite?
True
Is 793055177 prime?
True
Is 407124635 composite?
True
Is 12155072533 composite?
True
Is 6807774583 prime?
True
Is 77789452313 a prime number?
True
Is 981156907 prime?
True
Is 33162520667 a composite number?
True
Is 11746969565 composite?
True
Is 4369715971 a composite number?
False
Is 8890795387 prime?
True
Is 1615668541 composite?
True
Is 14848131997 composite?
True
Is 29688572989 composite?
True
Is 8234539679 a prime number?
False
Is 3293642206 a prime number?
False
Is 1962649867 a prime number?
False
Is 32197780603 a composite number?
False
Is 150657889691 a composite number?
True
Is 6840746173 prime?
True
Is 2240671739 a prime number?
True
Is 175487843 prime?
False
Is 23305248509 composite?
False
Is 10244759183 composite?
False
Is 259034649 composite?
True
Is 234630581 a composite number?
False
Is 369549073 a prime number?
False
Is 8450719787 a prime number?
True
Is 197200303393 a composite number?
False
Is 28887118649 a composite number?
False
Is 36140477539 composite?
False
Is 12659220337 prime?
True
Is 34135700439 a composite number?
True
Is 965428411 prime?
True
Is 1338830209 a composite number?
False
Is 1176094477 a prime number?
True
Is 32298388147 composite?
True
Is 727411649 composite?
True
I